{"id":34,"date":"2024-01-04T10:09:11","date_gmt":"2024-01-04T13:09:11","guid":{"rendered":"https:\/\/visaopratodos.ong.br\/?page_id=34"},"modified":"2025-01-24T09:23:50","modified_gmt":"2025-01-24T12:23:50","slug":"agenda","status":"publish","type":"page","link":"https:\/\/visaopratodos.ong.br\/?page_id=34","title":{"rendered":"Agenda"},"content":{"rendered":"\n<p><strong>CRONOGRAMA \u2013 VIS\u00c3O PARA TODOS<\/strong><\/p>\n\n\n\n<p><strong>Agenda 2025<\/strong><\/p>\n\n\n\n<figure class=\"wp-block-table\"><table class=\"has-fixed-layout\"><tbody><tr><td><strong>1\u00aa Escola \u2013 EC KANEGAE<\/strong> Endere\u00e7o: Col\u00f4nia Agr\u00edcola Riacho Fundo I, 01 Fazenda Sucupira \u2013 Riacho Fundo I, 71828-314\/DF Escala de atendimentos: 12, 13 e 14 de fevereiro de 2024 Hor\u00e1rio: 9h \u00e0s 12h e 14h \u00e0s 18h.<\/td><\/tr><tr><td><strong>2\u00aa Escola \u2013 EC Agrovila S\u00e3o Sebasti\u00e3o<\/strong> Endere\u00e7o: Q100 Conjunto Q AE 01 \u2013 Bairro Vila Nova\/DF, 71693-107 Escala de atendimentos: 19, 20, 21, 26, 27 e 28 de fevereiro de 2025 Hor\u00e1rio: 9h \u00e0s 12h e 14h \u00e0s 18h.<\/td><\/tr><tr><td><strong>3\u00aa Escola \u2013 EC 02 de Itapo\u00e3<\/strong> Endere\u00e7o: Qd 378 &#8211; Conjunto L &#8211; Ae 03 &#8211; Itapoa, DF, 71590-000 Escala de atendimentos: 12, 13, 14, 19, 20, 21 de mar\u00e7o de 2025 Hor\u00e1rio: 9h \u00e0s 12h e 14h \u00e0s 18h.<\/td><\/tr><tr><td><strong>4\u00aa Escola \u2013 EC 52 de Taguatinga<\/strong> Endere\u00e7o: Qnm 38 Ae 01, Taguatinga Norte &#8211; Taguatinga, DF, 72145-518 Escala de atendimentos:&nbsp; 26, 27, 28 de mar\u00e7o, 02, 03, 04, 09, 10, 11, 15, 16 e 17 de abril de 2025 Hor\u00e1rio: 9h \u00e0s 12h e 14h \u00e0s 18h. &nbsp;<\/td><\/tr><tr><td><strong>5\u00aa Escola \u2013 EC 16 de Ceil\u00e2ndia<\/strong> Endere\u00e7o: EQNO 04\/06, \u00c1REA ESPECIAL, Ceil\u00e2ndia\/DF &#8211; 72250-400; Escala de atendimentos: &#8211; 23, 24, 25 de abril, 07, 08, 09, 14, 15, e 16 de maio de 2025 Hor\u00e1rio: 9h \u00e0s 12h e 14h \u00e0s 18h.<\/td><\/tr><\/tbody><\/table><\/figure>\n","protected":false},"excerpt":{"rendered":"<p>CRONOGRAMA \u2013 VIS\u00c3O PARA TODOS Agenda 2025 1\u00aa Escola \u2013 EC KANEGAE Endere\u00e7o: Col\u00f4nia Agr\u00edcola Riacho Fundo I, 01 Fazenda Sucupira \u2013 Riacho Fundo I, 71828-314\/DF Escala de atendimentos: 12, 13 e 14 de fevereiro de 2024 Hor\u00e1rio: 9h \u00e0s 12h e 14h \u00e0s 18h. 2\u00aa Escola \u2013 EC Agrovila S\u00e3o Sebasti\u00e3o Endere\u00e7o: Q100 Conjunto [&hellip;]<\/p>\n","protected":false},"author":1,"featured_media":0,"parent":0,"menu_order":0,"comment_status":"closed","ping_status":"closed","template":"","meta":{"footnotes":""},"class_list":["post-34","page","type-page","status-publish","hentry"],"_links":{"self":[{"href":"https:\/\/visaopratodos.ong.br\/index.php?rest_route=\/wp\/v2\/pages\/34","targetHints":{"allow":["GET"]}}],"collection":[{"href":"https:\/\/visaopratodos.ong.br\/index.php?rest_route=\/wp\/v2\/pages"}],"about":[{"href":"https:\/\/visaopratodos.ong.br\/index.php?rest_route=\/wp\/v2\/types\/page"}],"author":[{"embeddable":true,"href":"https:\/\/visaopratodos.ong.br\/index.php?rest_route=\/wp\/v2\/users\/1"}],"replies":[{"embeddable":true,"href":"https:\/\/visaopratodos.ong.br\/index.php?rest_route=%2Fwp%2Fv2%2Fcomments&post=34"}],"version-history":[{"count":4,"href":"https:\/\/visaopratodos.ong.br\/index.php?rest_route=\/wp\/v2\/pages\/34\/revisions"}],"predecessor-version":[{"id":284,"href":"https:\/\/visaopratodos.ong.br\/index.php?rest_route=\/wp\/v2\/pages\/34\/revisions\/284"}],"wp:attachment":[{"href":"https:\/\/visaopratodos.ong.br\/index.php?rest_route=%2Fwp%2Fv2%2Fmedia&parent=34"}],"curies":[{"name":"wp","href":"https:\/\/api.w.org\/{rel}","templated":true}]}}